ue
Does 138 divide 3309?
False
Does 37 divide 243?
False
Is 16 a factor of 1845?
False
Does 16 divide 566?
False
Does 34 divide 1855?
False
Does 28 divide 3161?
False
Is 27 a factor of 648?
True
Is 9 a multiple of 2?
False
Does 20 divide 444?
False
Does 292 divide 25520?
False
Is 5664 a multiple of 4?
True
Is 79 a factor of 948?
True
Does 10 divide 19109?
False
Does 356 divide 33820?
True
Is 21 a factor of 102?
False
Does 109 divide 2724?
False
Is 1210 a multiple of 21?
False
Does 82 divide 8154?
False
Does 13 divide 5141?
False
Is 7 a factor of 254?
False
Is 55 a multiple of 16?
False
Does 10 divide 1060?
True
Does 9 divide 1217?
False
Is 11 a factor of 12738?
True
Is 245 a factor of 387?
False
Is 5934 a multiple of 86?
True
Is 56 a factor of 504?
True
Is 863 a multiple of 79?
False
Is 578 a multiple of 13?
False
Does 43 divide 226?
False
Is 120 a factor of 600?
True
Does 10 divide 9218?
False
Is 1111 a multiple of 6?
False
Does 334 divide 101239?
False
Does 27 divide 486?
True
Is 7 a factor of 14961?
False
Does 60 divide 5494?
False
Is 3290 a multiple of 14?
True
Does 28 divide 1176?
True
Is 9 a factor of 1284?
False
Is 468 a multiple of 52?
True
Does 3 divide 26515?
False
Is 5 a factor of 18284?
False
Does 33 divide 178?
False
Is 9 a factor of 7857?
True
Does 80 divide 1684?
False
Is 27 a factor of 103?
False
Is 75 a factor of 20175?
True
Is 5 a factor of 204?
False
Is 28 a factor of 8428?
True
Does 69 divide 1242?
True
Is 51560 a multiple of 20?
True
Is 641 a multiple of 3?
False
Is 4461 a multiple of 3?
True
Is 661 a multiple of 14?
False
Is 8646 a multiple of 22?
True
Does 8 divide 29?
False
Does 27 divide 148?
False
Does 14 divide 1638?
True
Is 310 a multiple of 10?
True
Is 174 a factor of 10520?
False
Is 156 a multiple of 12?
True
Is 633 a multiple of 7?
False
Is 37 a factor of 1443?
True
Is 48856 a multiple of 62?
True
Is 231 a multiple of 3?
True
Is 14 a factor of 19098?
False
Is 39 a factor of 51870?
True
Does 56 divide 7728?
True
Is 49 a factor of 30135?
True
Does 72 divide 50361?
False
Is 75092 a multiple of 11?
False
Is 36 a factor of 32472?
True
Does 76 divide 75088?
True
Is 7 a factor of 1498?
True
Is 19 a factor of 11999?
False
Does 5 divide 20305?
True
Is 113 a factor of 43053?
True
Does 303 divide 72720?
True
Does 28 divide 1415?
False
Is 50 a factor of 4800?
True
Does 12 divide 1020?
True
Is 11 a factor of 17061?
True
Does 15 divide 4995?
True
Is 1268 even?
True
Is 13 a factor of 146770?
True
Is 2804 a multiple of 40?
False
Is 131 a factor of 5974?
False
Does 67 divide 8999?
False
Does 16 divide 181?
False
Is 3020 a multiple of 20?
True
Is 19 a factor of 4142?
True
Is 10 a factor of 338?
False
Does 201 divide 12879?
False
Is 30 a factor of 254?
False
Does 81 divide 15309?
True
Is 5940 a multiple of 110?
True
Does 3 divide 6092?
False
Is 3213 a multiple of 7?
True
Is 9 a factor of 45?
True
Does 46 divide 10902?
True
Is 135 a factor of 2295?
True
Is 23221 a multiple of 4?
False
Is 50 a factor of 966?
False
Does 96 divide 32029?
False
Is 23 a factor of 230?
True
Is 5 a factor of 82?
False
Does 97 divide 9561?
False
Is 42 a factor of 210?
True
Is 12 a factor of 71397?
False
Is 39 a factor of 429?
True
Does 13 divide 16590?
False
Is 75 a multiple of 25?
True
Does 139 divide 5573?
False
Does 11 divide 443?
False
Is 181 a factor of 18687?
False
Is 916 a multiple of 6?
False
Is 1248 a multiple of 52?
True
Is 24436 a multiple of 149?
True
Is 2 a factor of 72?
True
Is 1970 a multiple of 4?
False
Does 8 divide 8186?
False
Is 9 even?
False
Is 9025 a multiple of 10?
False
Is 23374 a multiple of 86?
False
Is 15 a factor of 6750?
True
Is 332 a multiple of 123?
False
Is 25 a factor of 108?
False
Does 108 divide 1512?
True
Is 89 a factor of 1780?
True
Does 90 divide 4050?
True
Does 10 divide 5700?
True
Does 45 divide 1575?
True
Is 6200 a multiple of 100?
True
Is 635 a multiple of 3?
False
Does 73 divide 12118?
True
Is 103 a factor of 4326?
True
Is 14 a factor of 4525?
False
Is 3559 a multiple of 95?
False
Is 9 a factor of 306?
True
Is 28 a factor of 30996?
True
Is 29 a factor of 3683?
True
Is 55 a factor of 5280?
True
Does 26 divide 1638?
True
Is 996 a multiple of 68?
False
Is 221 a factor of 94067?
False
Does 6 divide 1284?
True
Is 20 a factor of 1060?
True
Is 43 a factor of 6696?
False
Does 17 divide 56559?
True
Is 318 a multiple of 27?
False
Is 18 a factor of 1188?
True
Is 10 a factor of 1970?
True
Is 56 a factor of 2214?
False
Is 88 a factor of 46904?
True
Is 12 a factor of 552?
True
Is 14 a factor of 660?
False
Does 227 divide 37425?
False
Is 19 a factor of 20225?
False
Is 71 a factor of 568?
True
Does 31 divide 1023?
True
Is 6 a factor of 11317?
False
Is 942 a multiple of 106?
False
Is 666 a multiple of 105?
False
Is 69 a factor of 6152?
False
Is 375 a multiple of 17?
False
Is 15 a factor of 1212?
False
Does 116 divide 6378?
False
Is 15 a factor of 3908?
False
Is 13 a factor of 65166?
False
Does 20 divide 10080?
True
Is 8073 a multiple of 26?
False
Is 12 a factor of 2164?
False
Does 19 divide 11343?
True
Is 57389 a multiple of 28?
False
Does 5 divide 5647?
False
Does 12 divide 192?
True
Is 2544 a multiple of 159?
True
Is 1509 a multiple of 105?
False
Is 2610 a multiple of 174?
True
Is 18 a factor of 22437?
False
Does 13 divide 70200?
True
Does 31 divide 1271?
True
Does 10 divide 50600?
True
Is 228 a multiple of 4?
True
Does 48 divide 26208?
True
Is 6445 a multiple of 27?
False
Does 53 divide 427?
False
Does 40 divide 29120?
True
Is 16 a factor of 1671?
False
Is 11677 a multiple of 43?
False
Is 47 a factor of 2450?
False
Is 28750 a multiple of 107?
False
Is 20 a factor of 4048?
False
Is 4524 a multiple of 26?
True
Does 23 divide 2438?
True
Does 78 divide 555?
False
Does 3 divide 1920?
True
Is 14992 a multiple of 28?
False
Is 47 a factor of 2914?
True
Does 8 divide 44552?
True
Is 30 a factor of 23820?
True
Does 51 divide 558?
False
Is 15196 a multiple of 116?
True
Does 19 divide 13036?
False
Is 187 a factor of 8507?
False
Is 336 a multiple of 4?
True
Does 14 divide 1189?
False
Is 23 a factor of 158?
False
Does 24 divide 16632?
True
Is 884 a multiple of 11?
False
Is 636 a multiple of 7?
False
Is 44 a factor of 6643?
False
Is 16 a factor of 17918?
False
Is 50 a factor of 13800?
True
Is 34 a factor of 190348?
False
Is 3410 a multiple of 10?
True
Does 17 divide 306?
True
Is 190 a multiple of 21?
False
Does 245 divide 59045?
True
Does 99 divide 65835?
True
Is 4340 a multiple of 81?
False
Does 12 divide 2294?
False
Does 11 divide 198?
True
Is 80 a factor of 2545?
False
Is 18971 a multiple of 23?
False
Is 8585 a multiple of 22?
False
Is 80 a factor of 2560?
True
Is 195 a factor of 975?
True
Is 6 a factor of 2118?
True
Is 1678 a multiple of 34?
False
Is 7 a factor of 707?
True
Is 267 a factor of 37380?
True
Is 5314 a multiple of 34?
False
Does 13 divide 1636?
False
Is 10 a factor of 1645?
False
Is 89 a factor of 6339?
False
Is 9 a factor of 1791?
True
Is 11 a factor of 12152?
False
Is 3 a factor of 300?
True
Is 8412 a multiple of 15?
False
Does 66 divide 219?
False
Is 3234 a multiple of 147?
True
Does 13 divide 494?
True
Is 256 a multiple of 36?
False
Does 33 divide 114?
False
Is 483 a multiple of 24?
False
Is 18 a factor of 342?
True
Does 182 divide 3600?
False
Is 165 a multiple of 55?
True
Is 14 a factor of 11046?
True
Does 2 divide 221?
False
Is 8027 a multiple of 23?
True
Is 22326 a multiple of 122?
True
Is 1226 a multiple of 56?
False
Is 42 a factor of 9786?
True
Does 3 divide 189?
True
Is 12 a multiple of 3?
True
Does 29 divide 10977?
False
Is 996 a multiple of 12?
True
Does 51 divide 8006?
False
Is 150 a factor of 16565?
False
Is 66 a factor of 594?
True
Is 2075 a multiple of 98?
False
Does 109 divide 9810?
True
Is 27 a factor of 26170?
False
Does 12 divide 192?
True
Is 292 a factor of 10471?
False
Does 3 divide 1408?
False
Is 72954 a multiple of 27?
True
Is 10182 a multiple of 27?
False
Does 7 divide 35?
True
Is 20900 a multiple of 110?
True
Is 10203 a multiple of 13?
False
Is 97 a factor of 42017?
False
Is 91 a factor of 1317?
False
Does 29 divide 5513?
False
Is 27719 a multiple of 53?
True
Is 299 a multiple of 47?
False
Is 43 a factor of 5807?
False
Is 5 a factor of 28467?
False
Is 14431 a multiple of 15?
False
Does 7 divide 2556